*l - 2*l**2 + 6*l + 1. Let z(j) = -51*j + 1379. Let n be z(27). Calculate m(n).
-3
Let y(f) = 1 - 4*f**2 + f**3 + 10 - f**2 + 6*f**2. Let x = 129 - 140. Let v = x + 11. What is y(v)?
11
Let r(j) = j**2 - 2*j + 1. Let t be r(1). Suppose -4*u + h = -h, -u + 5*h - 18 = t. Let a(i) = 113*i - 2*i**2 + i**u - 104*i. Determine a(8).
8
Let v(q) = q**2 + 5*q + 4. Let b = 152 + -87. Let o = b - 106. Let n = o + 38. What is v(n)?
-2
Let r(i) = 4*i - i + 9023*i**2 - 9022*i**2 + 2*i. Let t be ((-1)/(-3))/((-1)/3). Let m be (3 - t/1)*-1. What is r(m)?
-4
Let b(y) = 9*y - 11. Let g(s) = 5*s - 5. Let x(u) = -2*b(u) + 5*g(u). Let f(a) = 3*a - 2. Let p(w) = 9*f(w) - 4*x(w). Let t = 29 + -34. Calculate p(t).
-1
Let v(t) = -t**2 - t - 1. Let z(b) = 2*b**2 + 10*b + 11. Let j(g) = -3*v(g) - z(g). Let w be (8 - 273/168) + 3/(-8)*1. Determine j(w).
-14
Suppose -2*z = 5*h + 48, -2*h - h = -4*z - 70. Let p = -14 - z. Suppose 4*b + 4*a + 34 = b, p*a = 4*b + 4. Let i(o) = o**3 + 5*o**2 - 4*o + 6. What is i(b)?
-6
Let p(c) be the first derivative of -5*c**2/2 + 2*c + 1936. Let m(l) = -l**3 + l**2 - l + 3. Let n be m(0). Let u = -1 + n. Calculate p(u).
-8
Let d(s) = 8*s - 1. Let l(a) = -a**3 + 24*a**2 - 44*a + 3. Let p be l(22). Let u(r) = -8*r + 1. Let m(n) = p*u(n) + 4*d(n). Determine m(3).
23
Let z = -253 + 246. Let b be 35/((-42)/(-6)) + z. Let y(d) = -6*d**2 + d. What is y(b)?
-26
Let f(u) = u**3 - u**2 + 2*u + 8. Let l be f(8). Suppose 11*g = -87 + l. Suppose 6*z - g = 1. Let y(j) = -j + 1. Determine y(z).
-5
Let n(k) = -k**2 - 9*k - 30. Let x(r) = 2*r**2 + 19*r + 56. Let d(u) = 5*n(u) + 3*x(u). Give d(-8).
-14
Let w(i) = i**2 - 3*i - 10. Let n be (-9 - 31/(-6)) + 1/(-6). Give w(n).
18
Let f(s) = -4 - 6 - 3 - 3 + 19*s. Let y(k) = 16*k - 15. Let g(q) = -5*f(q) + 6*y(q). Calculate g(9).
-1
Let k(d) = -d**3 - 24*d**2 + 181*d + 39. Let j be k(-30). Let a(z) be the third derivative of 0 + 0*z + 2*z**2 - 2/3*z**3 + 1/24*z**4. Determine a(j).
5
Let q(r) = -r**2 + 11*r - 2. Let t(p) = 3*p**2 - 26*p + 4. Let f(a) = -9*q(a) - 4*t(a). Suppose -y + 3*x = y + 1, -4*x = -y - 8. What is f(y)?
-26
Let c(g) = g**3 - 9*g**2 + 2*g - 7. Suppose 14*k + 67 = -45. Let l be (-18)/(-10)*(-40)/k. Calculate c(l).
11
Let g(j) = -3*j. Let l(y) = -y**2 + 37. Let k be l(5). Suppose -13*w = -19*w + k. Calculate g(w).
-6
Let j(p) = 1 - p + 3 + 0 - p**3 - 5*p**2. Let m = 80898 - 80902. Determine j(m).
-8
Let w(v) = -v**2 + 7*v - 2. Let p = 67 + -113. Suppose 3*l - 55 - 99 = m, -2*m - 43 = -l. Let i = l + p. What is w(i)?
-2
Let l(f) be the first derivative of -f**4/4 + 47*f**3/3 - 135*f**2/2 + 144*f + 8534. Calculate l(44).
12
Let l(s) be the first derivative of -139 - 6*s + 1/3*s**3 + 1/2*s**2. Calculate l(-4).
6
Let w be (-2 + 5 - (4 - 3))*-2. Suppose 28*r = 25*r + 27. Let l(b) = 1 - b - r*b + 9*b. Calculate l(w).
5
Let t(o) = o**2 - 16*o - 75. Suppose 3*y = -q + 63, 0 = -4*y + 38*q - 37*q + 77. Calculate t(y).
5
Let l(x) = x**2 - 10*x + 29. Let r(d) = d**2 - 88*d + 1797. Let f be r(32). Determine l(f).
4
Let j(x) = -x - 1. Suppose 0 = 4*u + d - 4*d - 54, -4*u + d + 50 = 0. Let r(f) = -5*f + 12. Let z be r(u). Let t = 46 + z. Give j(t).
1
Suppose 0 = -4*j + 20 - 4. Let n(p) = -p + p - j - 2*p. Let k(g) = 166*g**2 + 4315*g - 21. Let f be k(-26). Determine n(f).
-14
Suppose -27*p + 95 = -8*p. Let f(l) = -l**3 + 7*l**2 - 13*l + 11. What is f(p)?
-4
Let l(x) = -81*x**3 + 395*x**2 - 399*x**2 + 7*x - 1 + 82*x**3. What is l(3)?
11
Let p(f) = -f**3 - 7*f**2 - 7*f + 23. Suppose 7*z - 2 = -3*i + 5*z, 3*z = -5*i + 1. Calculate p(i).
3
Let i(x) = x**3 + 5*x**2 + 2*x + 1. Let z = 85 - 84. Let f(c) = -c**3 + 3*c**2 - 2. Let j be f(z). Suppose 4*a + 2 + 18 = j. Determine i(a).
-9
Let j(x) = -x**2 - 18*x - 84. Suppose -3*h - 3*r - 21 = 0, 75*r - 72*r = h + 11. What is j(h)?
-4
Let l(o) be the first derivative of o**3 - 39*o**2 - 19*o - 11317. Determine l(26).
-19
Let l(c) be the first derivative of 6 - 2*c**2 + 29*c - 7/6*c**3. Let j(p) be the first derivative of l(p). Determine j(-4).
24
Suppose -2*u + 0*u = 0. Let i(y) be the second derivative of -y**3 - y**2 - 70*y. Let q(g) = 7*g + 2. Let o(s) = -6*i(s) - 5*q(s). Determine o(u).
2
Let i be 0/(4/(-1 - -2)). Suppose 5*z + i*z = p + 35, 5*p = -5*z + 35. Let q(x) be the second derivative of x**3/6 - 5*x**2/2 - 13*x. Calculate q(z).
2
Let w(o) = -7*o + 4*o**2 - 1753 + o**2 + 1734 + 0*o**2. What is w(-3)?
47
Let m = 41 + -8. Let l(d) = -3*d - 98. Let u be l(-45). Let p = u - m. Let a(c) = -c**3 + 4*c**2 - c - 2. Determine a(p).
-6
Suppose -b - 17 = 9 - 15. Let s(t) = t**3 + 11*t**2 + 2*t + 21. What is s(b)?
-1
Let l(h) be the first derivative of h**4/4 + 4*h**3 + 3*h**2/2 - 16*h + 3722. Determine l(-11).
72
Let b(s) = 7*s - 28. Let a be ((-36)/5 - (-37 - -30)) + 21/5. Calculate b(a).
0
Let d(x) = -x + 5. Let l(h) = 18*h**3 + 6*h**2 - 4*h - 1. Let f be l(1). Suppose 5*t - 15 = -3*s, 3*t + 4*s = 1 + f. What is d(t)?
5
Let k(o) = -10 + 9*o + 3*o - o**3 + 1852062*o**2 - 1852058*o**2. Calculate k(6).
-10
Let j(m) = m - 14. Suppose 0*k - 4*l = -4*k - 1092, -25 = 5*l. Let n = k - -296. Determine j(n).
4
Let o be -7 - -5 - (2 + -4). Suppose 0*u + 4*u - 25 = i, u - 3*i + 2 = o. Let h(x) = 23*x**2 - 36*x**2 + 19*x**2 - x**3 - u*x + 2. Give h(5).
-8
Let x(h) be the first derivative of -h**3/3 + 3*h**2 - 3*h - 3932. Let j = 14 + -10. Give x(j).
5
Let n(s) = -3*s + 5. Suppose -z - 28 = -4*r, -5*r + 2*z = 7*z - 10. Let q(a) = -r*a - a + 4*a + a + 4. Let i(v) = 3*n(v) - 4*q(v). Determine i(-1).
0
Suppose 3*x + 5*p = 20, 0 = -4*x - p + 10 + 11. Let a(w) = 2*w + x*w - 3 - w**2 + 3 + 2. Determine a(6).
8
Suppose -6*p = -2*p. Suppose 124 = 10*q + 64. Let o(x) = -q*x + x**2 + 8*x + 13 - 3*x. What is o(p)?
13
Let w(v) = -7*v**3 + 2*v**2 + 4*v - 6. Let l(b) = 12*b**3 - 2*b**2 - 8*b + 10. Let a(i) = 3*l(i) + 5*w(i). Calculate a(-5).
-5
Let l(q) = -q**2 + 1. Let w be l(0). Let m(j) be the first derivative of -31*j**3/3 - j**2 + j + 60. Give m(w).
-32
Let k be 7 - (-1 - 2/(-1)). Let a = 5120 + -5126. Let u = k + a. Let d(g) = g**3 + g**2 - g - 4. Determine d(u).
-4
Let l(b) = -20*b**2 - 20*b + 16*b**2 + b**3 + b**2 - 24*b - 1 - 12*b. Calculate l(-6).
11
Let u = -5386 - -5369. Let d(i) = -i**3 - 19*i**2 - 35*i - 12. Determine d(u).
5
Let y(m) = 10*m + 12 - 4*m - 12*m**2 + 3*m + 13*m**3 - 12*m**3. Let v(u) = u**2 - 3*u - 17. Let n = -40 - -47. Let o be v(n). Give y(o).
-10
Suppose -66*w - 94*w + 1120 = 0. Let y(d) = -d**2 + 7*d - 9. Give y(w).
-9
Let c(f) be the second derivative of -f**3/6 - f**2/2 - 18*f. Let a be ((-2)/(-1))/8 + 22/8. Suppose 1 = 2*g + 3*t - 2, a*g - 14 = 5*t. Determine c(g).
-4
Let t(j) = 8*j - 18. Suppose -5*v = -3*x - 1634, 5*v + 538 = -x + 10*v. Let h = x - -551. Calculate t(h).
6
Let y(j) be the second derivative of -11*j**4/12 + 7*j**3/2 + 13*j**2/2 + 23*j. Let w(g) = 3*g**2 - 7*g - 4. Let a(r) = 7*w(r) + 2*y(r). What is a(-3)?
10
Let a(s) be the third derivative of s**7/1680 + s**6/240 - 3*s**5/20 + s**3/6 + 26*s**2. Let i(b) be the third derivative of a(b). Calculate i(-5).
-12
Let a = -93 - -295. Let g = a + -205. Let b(z) = -2*z + 1. Give b(g).
7
Let w = -280 + 314. Suppose 15*m - 101 - w = 0. Let a(g) = g - 1. Calculate a(m).
8
Let u(r) be the third derivative of r**4/8 - 3*r**3 - 401*r**2 - 2. Give u(-17).
-69
Let f be (7 - 5)/(1/(-1)) + -2. Let b(a) be the second derivative of -a**5/20 - a**4/4 + a**3/3 - a**2/2 + 2*a - 48. Calculate b(f).
7
Suppose 871*w - 1767*w + 319 = -867*w. Let s(o) = -o**3 + 13*o**2 - 28*o + 34. Give s(w).
-32
Let y(b) = -b - 8. Let z be 184/(-10)*(-20)/8. Suppose z*p + 72 = 40*p. Determine y(p).
4
Let z(u) = u**2 - 8*u + 11. Let h = -140 + 146. Suppose h*g + 4*g = 80. Determine z(g).
11
Let t(q) be the third derivative of 5*q**4/8 - q**3 + 2*q**2 + 876*q. Give t(1).
9
Let h(c) = 21*c**2 + 2*c - 26. Let l(u) = -4*u**2 - u + 9. Let r(q) = h(q) + 3*l(q). Suppose 0 = 2*z + 3*z - 5. Calculate r(z).
9
Let k(l) = -3*l - 11. Suppose 10910*m - 63 = 10901*m. What is k(m)?
-32
Suppose 0 = 4*s + 2*w - 4, -5*w + 7 = 2*s - 11. Let v(d) = d**2 - d - 3. Let p be v(s). Let z(q) = 6*q. Calculate z(p).
-6
Let t(z) = -13*z - z**2 - z**2 - 9*z**2 + 10*z**2 + 4*z. Suppose 83*l + 28 = 79*l. What is t(l)?
14
Let z(n) = -5*n**2 + 46*n + 38. Let l(d) = 6*d